{"id":37,"date":"2022-03-09T08:41:36","date_gmt":"2022-03-09T08:41:36","guid":{"rendered":"https:\/\/opeixblau.com\/?page_id=37"},"modified":"2022-07-11T12:28:06","modified_gmt":"2022-07-11T12:28:06","slug":"servicios","status":"publish","type":"page","link":"https:\/\/opeixblau.com\/es\/servicios\/","title":{"rendered":"Servicios"},"content":{"rendered":"\n<p>Los asociados cuentan con el asesoramiento del personal de la organizaci\u00f3n y de expertos externos conocedores de la problem\u00e1tica espec\u00edfica de la actividad y de las empresas pesqueras.<\/p>\n\n\n\n<p><br>Reciben atenci\u00f3n especializada en materia de aplicaci\u00f3n de normativa pesquera y gesti\u00f3n de ayudas y subvenciones.<\/p>\n\n\n\n<p><br>La formaci\u00f3n del personal y de los mandos intermedios es una prioridad en nuestra organizaci\u00f3n. Queremos formar profesionales cualificados que ayuden a mejorar la competitividad de las empresas, y el mantenimiento sostenible de la actividad. Anualmente programamos acciones de formaci\u00f3n atendiendo a las demandas de los socios.<\/p>\n","protected":false},"excerpt":{"rendered":"<p>Los asociados cuentan con el asesoramiento del personal de la organizaci\u00f3n y de expertos externos conocedores de la problem\u00e1tica espec\u00edfica de la actividad y de las empresas pesqueras. Reciben atenci\u00f3n especializada en materia de aplicaci\u00f3n de normativa pesquera y gesti\u00f3n &hellip; <a href=\"https:\/\/opeixblau.com\/es\/servicios\/\">Continuar<\/a><\/p>\n","protected":false},"author":1,"featured_media":0,"parent":0,"menu_order":0,"comment_status":"closed","ping_status":"closed","template":"","meta":{"kt_blocks_editor_width":"","footnotes":""},"class_list":["post-37","page","type-page","status-publish","hentry"],"_links":{"self":[{"href":"https:\/\/opeixblau.com\/es\/wp-json\/wp\/v2\/pages\/37","targetHints":{"allow":["GET"]}}],"collection":[{"href":"https:\/\/opeixblau.com\/es\/wp-json\/wp\/v2\/pages"}],"about":[{"href":"https:\/\/opeixblau.com\/es\/wp-json\/wp\/v2\/types\/page"}],"author":[{"embeddable":true,"href":"https:\/\/opeixblau.com\/es\/wp-json\/wp\/v2\/users\/1"}],"replies":[{"embeddable":true,"href":"https:\/\/opeixblau.com\/es\/wp-json\/wp\/v2\/comments?post=37"}],"version-history":[{"count":7,"href":"https:\/\/opeixblau.com\/es\/wp-json\/wp\/v2\/pages\/37\/revisions"}],"predecessor-version":[{"id":684,"href":"https:\/\/opeixblau.com\/es\/wp-json\/wp\/v2\/pages\/37\/revisions\/684"}],"wp:attachment":[{"href":"https:\/\/opeixblau.com\/es\/wp-json\/wp\/v2\/media?parent=37"}],"curies":[{"name":"wp","href":"https:\/\/api.w.org\/{rel}","templated":true}]}}

<p>Los asociados cuentan con el asesoramiento del personal de la organización y de expertos externos conocedores de la problemática específica de la actividad y de las empresas pesqueras.</p>



<p><br>Reciben atención especializada en materia de aplicación de normativa pesquera y gestión de ayudas y subvenciones.</p>



<p><br>La formación del personal y de los mandos intermedios es una prioridad en nuestra organización. Queremos formar profesionales cualificados que ayuden a mejorar la competitividad de las empresas, y el mantenimiento sostenible de la actividad. Anualmente programamos acciones de formación atendiendo a las demandas de los socios.</p>

<p>Los asociados cuentan con el asesoramiento del personal de la organización y de expertos externos conocedores de la problemática específica de la actividad y de las empresas pesqueras. Reciben atención especializada en materia de aplicación de normativa pesquera y gestión &hellip; <a href="https://opeixblau.com/es/servicios/">Continuar</a></p>
